. Let c be w(6). Let z be (76/c)/2*5. Let s be -76*(-12 - (-92)/8). Calculate the highest common divisor of z and s.
19
Suppose -11*m + m - 148 = 64*m. Let z = -1 - 0. Let p be z/((-78)/(-40) + m). What is the highest common divisor of 80 and p?
20
Let n be 32/2 - 120/(-30). Calculate the highest common divisor of n and 5310.
10
Let q(m) = 2*m + 30. Let j be q(-14). Let c be (j - 1*2/4)*172. Suppose 2*v = -4*u + c, -340 = -5*v - 2*u + 329. What is the greatest common factor of v and 27?
27
Suppose 0 = 4*i + t - 73751, t = 4*i - 78012 + 4275. Calculate the highest common factor of i and 44.
44
Let j = 55201 - 55186. Suppose -7*b - 5*h + 5 = -2*b, 5*b + 3*h = 7. Suppose 4*s - 330 = b*s. What is the greatest common factor of j and s?
15
Let d(m) = -13 + 2*m**2 - 344*m**3 - m**2 + 5*m + 17. Let p be d(-1). What is the highest common divisor of 43 and p?
43
Suppose 4 = -2*m - 4*l - 0*l, -8 = 4*m + 2*l. Let s(o) = -40*o - 70. Let u be s(m). Calculate the highest common divisor of u and 610.
10
Let j be ((-21)/42)/(2 + (-21)/10). Suppose 47 = j*h - 38. Suppose v - 2*v + 28 = 2*q, 2*v - h = -q. What is the greatest common divisor of 65 and q?
13
Let i = 204 + -183. Let u be (i/28)/((-3)/(-3132)). Calculate the highest common divisor of u and 29.
29
Let d be (-5 + (-24)/(-6))/(1/(-5)). Let l(v) = 15*v - 9*v - 1 - v**2 + 4. Let c be l(d). Calculate the highest common factor of c and 72.
8
Let g be 286 + (-9)/(-9)*-11. Calculate the highest common factor of g and 132.
11
Let s be ((-7184)/(-72) - 0) + (-4)/(-18). Suppose s = -4*r + 8*r. Suppose -u + 40 = 3*u. Calculate the highest common divisor of u and r.
5
Let x(u) = u**2 - 35*u + 154. Let s be x(30). Suppose -b = -s*b + 363. Suppose -2*c - 22 = -4*c. Calculate the greatest common divisor of c and b.
11
Let l be (-6)/11 + (-16775)/(-3025). What is the greatest common factor of l and 4685?
5
Let g = 2202 - 570. Calculate the highest common divisor of 84 and g.
12
Let v(m) = m**3 - 23*m**2 + 137*m - 1. Let d be v(11). What is the greatest common divisor of 1062 and d?
18
Let q(m) = 17 + 32 - 3*m - 19 + 19. Let c be q(10). Calculate the greatest common divisor of 57 and c.
19
Suppose 139*g - 18 = 138*g. Suppose -3*s + 86 = 23. Let u = s + g. Calculate the highest common factor of u and 78.
39
Suppose 5*a = a + 288. Suppose -22644 = -14*o - 4*o - 20772. What is the greatest common factor of a and o?
8
Let u(w) = 4*w**2 + 66*w + 258. Let o be u(-4). Let r be -29*(-8)/(-16)*(-37 + 1). Calculate the greatest common factor of o and r.
58
Let s(u) = u**3 - 45*u**2 + 46*u - 79. Let h be s(44). Calculate the greatest common divisor of 12 and h.
3
Let x be -5 - ((-264)/396)/((-4730)/(-2364) + -2). What is the greatest common divisor of x and 696?
87
Let j = -259 + 535. Let t(a) = a**2 - 138*a - 4051. Let u be t(163). Calculate the greatest common divisor of j and u.
12
Let a(x) = -x**2 - 7*x + 13. Let b be a(-4). What is the highest common factor of b and 75?
25
Let j(z) = 92 - z**3 + 18*z + 17*z**2 - 92. Let u be j(18). Suppose -4*h - 33 + 117 = u. Calculate the highest common factor of 84 and h.
21
Suppose 10*k + 207 = 19*k. Let v(x) = x + 1. Let h(i) = 53*i - 10. Let f(l) = h(l) + v(l). Let o be f(4). What is the greatest common factor of k and o?
23
Let v be 144 + 2/(-2) - (-8 + 13). What is the greatest common divisor of v and 322?
46
Let w be 3 - 1 - 156/(-3). Let y(b) = 3*b + 6. Let f = 127 + -123. Let v be y(f). Calculate the greatest common factor of w and v.
18
Let f(o) = 24*o**3 - o**2 - 3*o + 3. Let c = 81 - 80. Let z be f(c). Suppose 0 = -4*a - 11 + 195. Calculate the highest common divisor of a and z.
23
Let c = 7376 - -281. Calculate the greatest common divisor of 19 and c.
19
Let z = 327 - 467. Let s = z + 491. Calculate the highest common divisor of s and 39.
39
Let u(y) = -10*y - 40. Let x(o) = -11*o - 40. Let h(z) = -5*u(z) + 4*x(z). Let g be h(-6). Calculate the greatest common factor of g and 7.
1
Suppose d - 9*d = 1648. Let o = 172 - d. Calculate the highest common divisor of 36 and o.
18
Let g be (-14)/35 - (-14)/10. Suppose 5*y + g = 101. Calculate the greatest common divisor of y and 380.
20
Let j be 5/((-550)/20) - (-4508)/(-11). Let a = 455 + j. What is the greatest common factor of 9 and a?
9
Let b = -7492 - -20778. Calculate the greatest common factor of b and 182.
182
Suppose -389*a + 709428 - 251186 = 0. Calculate the greatest common factor of a and 114.
38
Suppose -1021 = -2*q - 193. What is the highest common factor of 72 and q?
18
Let w be ((-1)/(-27))/((-110)/660) - (-13954)/18. What is the highest common divisor of 310 and w?
155
Let l be (-31)/(-11) + (-2)/(-11). Suppose -l*c - 6 = -5*u + 49, -u - 3*c + 29 = 0. What is the highest common factor of 448 and u?
14
Suppose -2*z + 52 + 67 = 3*n, 0 = -4*n + 4*z + 152. Let s be (-119)/(-21)*(1 - -2). Suppose -5*v = -s*v + 780. Calculate the greatest common factor of v and n.
13
Suppose -21 = -5*k + 4*s, 0 = -3*k - 0*s + 4*s + 11. Let l be 8/(-380)*k + (-232)/(-38). What is the highest common divisor of l and 81?
3
Let b(n) = -9*n**3 + 38*n**2 - 5*n - 2. Let r be b(4). What is the greatest common factor of 27290 and r?
10
Suppose -3*d = -2*y - 257, 636 = 4*y - 9*y + d. Let v = y + 189. Calculate the highest common divisor of 31 and v.
31
Let b be 18/(-39) + ((-2088768)/286)/(-16). What is the greatest common divisor of b and 3686?
38
Suppose d = -17 + 73. Suppose 29 = -v + 57. Calculate the highest common divisor of v and d.
28
Let i(z) = 13*z**2 - 18*z - 4. Let t be i(-5). Let k = t - 396. Calculate the greatest common divisor of k and 375.
15
Let i(a) be the second derivative of -a**5/20 + a**4/12 + 4*a**3/3 + 5*a**2/2 + 40*a. Let g be i(-4). What is the highest common divisor of 1 and g?
1
Let n = -57 - -70. Suppose 0 = 3*p - 2*s - 254 - 68, -4*s = -p + 124. What is the greatest common divisor of n and p?
13
Suppose 0 = -5*d + 90. Let o(w) = -10*w + d - 38 - 16. Let i be o(-9). Calculate the highest common divisor of i and 6.
6
Suppose -28*v + 17*v + 11 = 0. Let t be -3 - (v - 0)*80/(-5). Calculate the greatest common divisor of t and 26.
13
Let g = -16724 + 17312. Calculate the highest common divisor of 686 and g.
98
Suppose u = -2*p + 10, 2*u + 4*p - 18 = p. Let q be 1/u + (-207)/(-54). What is the greatest common factor of q and 1?
1
Let q be 24/18 + -10*(-33)/9. Suppose -3*j - 17 = -3*p + 2*j, q = 4*p + j. Let w(s) = 9*s. Let b be w(8). Calculate the greatest common divisor of b and p.
9
Suppose -30 - 41 = 5*v - 2*z, -5*v = z + 77. Let u be ((-2)/3)/(2/v). Let j be (-39 + 107 + -53)/(3*1/5). What is the greatest common factor of j and u?
5
Let n = 14754 - 14403. What is the greatest common divisor of n and 6201?
117
Let h be (-12)/3*(-86 + 960/(-30)). Calculate the greatest common factor of 11092 and h.
236
Suppose -2556 = -156*n + 185*n - 8907. Calculate the greatest common factor of 26499 and n.
219
Let f = -2301 + 2358. What is the greatest common divisor of f and 8075?
19
Suppose -4*p = i - 8*p - 5860, 2*p = -10. Let f be (-4)/(-26) + -6 + i/65. What is the highest common divisor of f and 28?
28
Let r = 18254 + -16071. Calculate the greatest common divisor of r and 59.
59
Let h(c) = 3*c. Let n be h(-2). Let p(i) = -i**2 - 9*i - 15. Let f be p(n). Suppose d = 3, 6*v - v = -f*d + 24. What is the highest common divisor of 33 and v?
3
Let j(d) = -d**3 - 3*d**2 - 4*d - 2. Let y be j(-3). Suppose -14*i + 11257 = 295. Let t = i - 633. Calculate the greatest common divisor of t and y.
10
Suppose 57 = -3*q + 138. Suppose 0 = 5*o - 20, -4*p + 36*o + 168 = 33*o. Calculate the greatest common factor of p and q.
9
Let p = -26 - -27. Suppose -15 = -g - 5*i - p, 4*g + i - 151 = 0. Suppose l + 585 = 4*l. What is the greatest common divisor of g and l?
39
Let a be ((-4)/16)/1*(-1 - 663). Let g = 369 - a. Calculate the greatest common divisor of 29 and g.
29
Let i = -15946 - -24571. What is the highest common factor of 46 and i?
23
Let x = 31 + -29. Let i be (-505)/(-10) - x/(-4). Let l = 122 + -88. Calculate the greatest common divisor of l and i.
17
Let w(k) = 3*k**2 + 150*k + 1629. Let y be w(-10). What is the greatest common factor of 924 and y?
33
Let g be ((-27)/(-4))/(12/(-48)). Let o be g/(-2) + 5/(-10). Calculate the greatest c